{"id":1156,"date":"2024-04-30T11:18:53","date_gmt":"2024-04-30T09:18:53","guid":{"rendered":"https:\/\/myidziemy.pl\/?page_id=1156"},"modified":"2024-08-15T16:04:46","modified_gmt":"2024-08-15T14:04:46","slug":"kursy-egzaminacyjne","status":"publish","type":"page","link":"https:\/\/myidziemy.pl\/index.php\/oferta\/kursy-egzaminacyjne\/","title":{"rendered":"Kursy egzaminacyjne"},"content":{"rendered":"<p>[et_pb_section fb_built=&#8221;1&#8243; admin_label=&#8221;Hero&#8221; _builder_version=&#8221;4.16&#8243; use_background_color_gradient=&#8221;on&#8221; background_color_gradient_stops=&#8221;rgba(0,0,0,0.5) 0%|rgba(0,0,0,0) 100%&#8221; background_color_gradient_overlays_image=&#8221;on&#8221; background_color_gradient_start=&#8221;rgba(0,0,0,0.5)&#8221; background_color_gradient_end=&#8221;rgba(0,0,0,0)&#8221; background_image=&#8221;https:\/\/myidziemy.pl\/wp-content\/uploads\/2020\/02\/b10.jpg&#8221; custom_margin=&#8221;-4%||||false|false&#8221; custom_padding=&#8221;||0px||false|false&#8221; bottom_divider_style=&#8221;slant&#8221; bottom_divider_color=&#8221;#ffffff&#8221; bottom_divider_flip=&#8221;horizontal&#8221; animation_style=&#8221;slide&#8221; animation_direction=&#8221;top&#8221; animation_intensity_slide=&#8221;5%&#8221; animation_starting_opacity=&#8221;100%&#8221; global_colors_info=&#8221;{}&#8221;][et_pb_row column_structure=&#8221;3_4,1_4&#8243; _builder_version=&#8221;4.16&#8243; background_size=&#8221;initial&#8221; background_position=&#8221;top_left&#8221; background_repeat=&#8221;repeat&#8221; custom_padding=&#8221;27px|0px|0px|0px&#8221; global_colors_info=&#8221;{}&#8221;][et_pb_column type=&#8221;3_4&#8243; _builder_version=&#8221;4.16&#8243; custom_padding=&#8221;|||&#8221; global_colors_info=&#8221;{}&#8221; custom_padding__hover=&#8221;|||&#8221;][et_pb_text admin_label=&#8221;Title&#8221; _builder_version=&#8221;4.23.4&#8243; text_font=&#8221;||||||||&#8221; header_font=&#8221;Literata|600|||||||&#8221; header_font_size=&#8221;80px&#8221; header_line_height=&#8221;1.2em&#8221; background_layout=&#8221;dark&#8221; animation_style=&#8221;zoom&#8221; animation_direction=&#8221;left&#8221; animation_intensity_zoom=&#8221;10%&#8221; header_font_size_tablet=&#8221;&#8221; header_font_size_phone=&#8221;69px&#8221; header_font_size_last_edited=&#8221;on|phone&#8221; global_colors_info=&#8221;{}&#8221;]<\/p>\n<h1>Kursy egzaminacyjne<\/h1>\n<p>[\/et_pb_text][et_pb_divider show_divider=&#8221;off&#8221; _builder_version=&#8221;4.19.5&#8243; max_width=&#8221;120px&#8221; animation_style=&#8221;zoom&#8221; animation_direction=&#8221;left&#8221; global_colors_info=&#8221;{}&#8221;][\/et_pb_divider][\/et_pb_column][et_pb_column type=&#8221;1_4&#8243; _builder_version=&#8221;4.16&#8243; custom_padding=&#8221;|||&#8221; global_colors_info=&#8221;{}&#8221; custom_padding__hover=&#8221;|||&#8221;][\/et_pb_column][\/et_pb_row][\/et_pb_section][et_pb_section fb_built=&#8221;1&#8243; admin_label=&#8221;Events&#8221; _builder_version=&#8221;4.16&#8243; locked=&#8221;off&#8221; global_colors_info=&#8221;{}&#8221; custom_padding=&#8221;0px|||||&#8221;][et_pb_row _builder_version=&#8221;4.16&#8243; global_colors_info=&#8221;{}&#8221;][et_pb_column type=&#8221;4_4&#8243; _builder_version=&#8221;4.16&#8243; global_colors_info=&#8221;{}&#8221;][et_pb_text _builder_version=&#8221;4.23.4&#8243; text_font=&#8221;Literata||||||||&#8221; header_font=&#8221;Literata||||||||&#8221; global_colors_info=&#8221;{}&#8221;]<\/p>\n<h1>Kursy przygotowuj\u0105ce do egzamin\u00f3w z j\u0119zyka polskiego<\/h1>\n<p>[\/et_pb_text][\/et_pb_column][\/et_pb_row][et_pb_row column_structure=&#8221;1_3,1_3,1_3&#8243; _builder_version=&#8221;4.16&#8243; module_alignment=&#8221;center&#8221; custom_margin=&#8221;|auto|-6px|auto||&#8221; custom_margin_tablet=&#8221;0px|||&#8221; custom_margin_phone=&#8221;0px|||&#8221; custom_margin_last_edited=&#8221;off|desktop&#8221; custom_padding=&#8221;||105px|||&#8221; saved_tabs=&#8221;all&#8221; global_colors_info=&#8221;{}&#8221;][et_pb_column type=&#8221;1_3&#8243; _builder_version=&#8221;4.16&#8243; background_color_gradient_direction=&#8221;35deg&#8221; custom_padding=&#8221;|||&#8221; custom_padding_tablet=&#8221;|0px||&#8221; custom_padding_last_edited=&#8221;off|desktop&#8221; global_colors_info=&#8221;{}&#8221; padding_tablet=&#8221;|0px||&#8221; padding_last_edited=&#8221;off|desktop&#8221; custom_padding__hover=&#8221;|||&#8221;][et_pb_blurb title=&#8221;Kurs maturalny&#8221; use_icon=&#8221;on&#8221; font_icon=&#8221;&#xe081;||divi||400&#8243; icon_placement=&#8221;left&#8221; _builder_version=&#8221;4.23.4&#8243; header_font=&#8221;Montserrat|500|||||||&#8221; header_font_size=&#8221;15px&#8221; body_font=&#8221;Montserrat|300|||||||&#8221; body_line_height=&#8221;1.8em&#8221; custom_margin=&#8221;||0px||false|false&#8221; global_colors_info=&#8221;{}&#8221;]<\/p>\n<ul>\n<li>Kameralne grupy 8-osobowe <span><\/span><\/li>\n<li>Raz w tygodniu zaj\u0119cia online 1,5 h<\/li>\n<li>Raz w miesi\u0105cu edukacja w przestrzeni<\/li>\n<li>2 pr\u00f3bne arkusze pisane wsp\u00f3lnie w pe\u0142nym wymiarze czasu<\/li>\n<li>Zaj\u0119cia prowadzone przez certyfikowan\u0105 egzaminatork\u0119 CKE<\/li>\n<li><a href=\"#\">Zapisy przez mail myidziemy@gmail.com<\/a><\/li>\n<\/ul>\n<p>[\/et_pb_blurb][et_pb_accordion open_toggle_text_color=&#8221;#ed1163&#8243; open_toggle_background_color=&#8221;#ededed&#8221; closed_toggle_background_color=&#8221;#ededed&#8221; _builder_version=&#8221;4.23.4&#8243; border_width_all=&#8221;0px&#8221; global_colors_info=&#8221;{}&#8221;][et_pb_accordion_item title=&#8221;Kurs maturalny&#8221; open=&#8221;on&#8221; _builder_version=&#8221;4.23.4&#8243; global_colors_info=&#8221;{}&#8221;]<\/p>\n<p>Przygotowuj\u0105cy do matury kilkumiesi\u0119czny kurs pe\u0142en pozytywnej energii, prawdziwego zrozumienia materia\u0142u i rado\u015bci z nauki. Podczas cotygodniowych zaj\u0119\u0107 online pracujemy nad zagadnieniami podstawy programowej, stawiamy na praktyk\u0119, nauk\u0119 protip\u00f3w maturalnych. Raz w miesi\u0105cu wychodzimy na zaj\u0119cia w przestrzeni &#8211; wyj\u015bcia do muze\u00f3w, do teatru, kina, na spacery edukacyjne.<\/p>\n<p>[\/et_pb_accordion_item][\/et_pb_accordion][\/et_pb_column][et_pb_column type=&#8221;1_3&#8243; _builder_version=&#8221;4.23.4&#8243; _module_preset=&#8221;default&#8221; global_colors_info=&#8221;{}&#8221;][et_pb_video_slider _builder_version=&#8221;4.23.4&#8243; _module_preset=&#8221;default&#8221; global_colors_info=&#8221;{}&#8221;][et_pb_video_slider_item src_webm=&#8221;https:\/\/myidziemy.pl\/wp-content\/uploads\/2024\/08\/na-strone-ost-przewodnik.mp4&#8243; _builder_version=&#8221;4.23.4&#8243; _module_preset=&#8221;default&#8221; global_colors_info=&#8221;{}&#8221; show_image_overlay=&#8221;off&#8221;][\/et_pb_video_slider_item][\/et_pb_video_slider][\/et_pb_column][et_pb_column type=&#8221;1_3&#8243; _builder_version=&#8221;4.23.4&#8243; _module_preset=&#8221;default&#8221; global_colors_info=&#8221;{}&#8221;][et_pb_blurb title=&#8221;Kurs przygotowuj\u0105cy do E8&#8243; use_icon=&#8221;on&#8221; font_icon=&#8221;&#xe081;||divi||400&#8243; icon_placement=&#8221;left&#8221; _builder_version=&#8221;4.23.4&#8243; header_font=&#8221;Montserrat|500|||||||&#8221; header_font_size=&#8221;15px&#8221; body_font=&#8221;Montserrat|300|||||||&#8221; body_line_height=&#8221;1.8em&#8221; custom_margin=&#8221;||0px||false|false&#8221; global_colors_info=&#8221;{}&#8221;]<\/p>\n<ul>\n<li>Kameralne grupy 8-osobowe <span><\/span><\/li>\n<li>Raz w tygodniu zaj\u0119cia online 1,5 h<\/li>\n<li>Raz w miesi\u0105cu edukacja w przestrzeni<\/li>\n<li><a href=\"#\">Zapisy przez mail myidziemy@gmail.com<\/a><\/li>\n<\/ul>\n<p>[\/et_pb_blurb][et_pb_accordion open_toggle_text_color=&#8221;#ed1163&#8243; open_toggle_background_color=&#8221;#ededed&#8221; closed_toggle_background_color=&#8221;#ededed&#8221; _builder_version=&#8221;4.23.4&#8243; border_width_all=&#8221;0px&#8221; global_colors_info=&#8221;{}&#8221;][et_pb_accordion_item title=&#8221;Kurs do E8&#8243; open=&#8221;on&#8221; _builder_version=&#8221;4.23.4&#8243; global_colors_info=&#8221;{}&#8221;]<\/p>\n<p>Szczeg\u00f3\u0142y wkr\u00f3tce.<\/p>\n<p>[\/et_pb_accordion_item][\/et_pb_accordion][\/et_pb_column][\/et_pb_row][\/et_pb_section][et_pb_section fb_built=&#8221;1&#8243; admin_label=&#8221;Footer&#8221; _builder_version=&#8221;4.16&#8243; use_background_color_gradient=&#8221;on&#8221; background_color_gradient_stops=&#8221;#ffffff 0%|rgba(36,46,66,0) 75%&#8221; background_color_gradient_overlays_image=&#8221;on&#8221; background_color_gradient_start=&#8221;#ffffff&#8221; background_color_gradient_end=&#8221;rgba(36,46,66,0)&#8221; background_color_gradient_end_position=&#8221;75%&#8221; background_image=&#8221;https:\/\/myidziemy.pl\/wp-content\/uploads\/2020\/01\/bottom1.jpg&#8221; custom_padding=&#8221;||20vw&#8221; locked=&#8221;off&#8221; global_colors_info=&#8221;{}&#8221;][et_pb_row _builder_version=&#8221;4.16&#8243; locked=&#8221;off&#8221; global_colors_info=&#8221;{}&#8221;][et_pb_column type=&#8221;4_4&#8243; _builder_version=&#8221;4.16&#8243; custom_padding=&#8221;|||&#8221; global_colors_info=&#8221;{}&#8221; custom_padding__hover=&#8221;|||&#8221;][et_pb_text _builder_version=&#8221;4.16&#8243; text_font=&#8221;||||||||&#8221; header_font=&#8221;Literata||||||||&#8221; header_2_font=&#8221;Literata|700|||||||&#8221; header_2_font_size=&#8221;60px&#8221; header_2_line_height=&#8221;1.2em&#8221; text_orientation=&#8221;center&#8221; max_width=&#8221;600px&#8221; module_alignment=&#8221;center&#8221; custom_margin=&#8221;||15px&#8221; header_2_font_size_tablet=&#8221;42px&#8221; header_2_font_size_phone=&#8221;30px&#8221; header_2_font_size_last_edited=&#8221;on|tablet&#8221; locked=&#8221;off&#8221; global_colors_info=&#8221;{}&#8221;]<\/p>\n<h2>Zapisz si\u0119 na newsletter<\/h2>\n<p>[\/et_pb_text][et_pb_signup mailchimp_list=&#8221;elegantthemestest|1ea2bbd026&#8243; layout=&#8221;top_bottom&#8221; first_name_field=&#8221;off&#8221; last_name_field=&#8221;off&#8221; _builder_version=&#8221;4.16&#8243; form_field_background_color=&#8221;rgba(36,46,66,0.05)&#8221; form_field_font=&#8221;||||||||&#8221; use_background_color=&#8221;off&#8221; custom_button=&#8221;on&#8221; button_text_size=&#8221;14px&#8221; button_text_color=&#8221;#ffffff&#8221; button_bg_color=&#8221;#e10059&#8243; button_border_width=&#8221;10px&#8221; button_border_color=&#8221;rgba(0,0,0,0)&#8221; button_border_radius=&#8221;0px&#8221; button_letter_spacing=&#8221;4px&#8221; button_font=&#8221;Lato|700||on|||||&#8221; button_icon=&#8221;&#x24;||divi||400&#8243; max_width=&#8221;600px&#8221; module_alignment=&#8221;center&#8221; custom_padding=&#8221;0px|||||&#8221; border_radii_fields=&#8221;on|0px|0px|0px|0px&#8221; global_colors_info=&#8221;{}&#8221;][\/et_pb_signup][et_pb_social_media_follow icon_color=&#8221;#2a2a2a&#8221; _builder_version=&#8221;4.16&#8243; text_orientation=&#8221;center&#8221; border_radii=&#8221;on|50px|50px|50px|50px&#8221; border_width_all=&#8221;10px&#8221; border_color_all=&#8221;rgba(0,0,0,0)&#8221; global_colors_info=&#8221;{}&#8221; icon_color__hover=&#8221;#000000&#8243;][et_pb_social_media_follow_network social_network=&#8221;facebook&#8221; url=&#8221;https:\/\/www.facebook.com\/idzie.myzksiazkaprzezwarszawe\/&#8221; icon_color=&#8221;#2a2a2a&#8221; _builder_version=&#8221;4.16&#8243; background_color=&#8221;#ffffff&#8221; global_colors_info=&#8221;{}&#8221; follow_button=&#8221;off&#8221; url_new_window=&#8221;on&#8221;]facebook[\/et_pb_social_media_follow_network][et_pb_social_media_follow_network social_network=&#8221;youtube&#8221; icon_color=&#8221;#2a2a2a&#8221; _builder_version=&#8221;4.16&#8243; background_color=&#8221;#ffffff&#8221; background_enable_color=&#8221;on&#8221; global_colors_info=&#8221;{}&#8221; follow_button=&#8221;off&#8221; url_new_window=&#8221;on&#8221;]youtube[\/et_pb_social_media_follow_network][et_pb_social_media_follow_network social_network=&#8221;instagram&#8221; icon_color=&#8221;#2a2a2a&#8221; _builder_version=&#8221;4.16&#8243; background_color=&#8221;#ffffff&#8221; global_colors_info=&#8221;{}&#8221; follow_button=&#8221;off&#8221; url_new_window=&#8221;on&#8221;]instagram[\/et_pb_social_media_follow_network][\/et_pb_social_media_follow][\/et_pb_column][\/et_pb_row][et_pb_row _builder_version=&#8221;4.16&#8243; width=&#8221;100%&#8221; max_width=&#8221;none&#8221; locked=&#8221;off&#8221; global_colors_info=&#8221;{}&#8221;][et_pb_column type=&#8221;4_4&#8243; _builder_version=&#8221;4.16&#8243; custom_padding=&#8221;|||&#8221; global_colors_info=&#8221;{}&#8221; custom_padding__hover=&#8221;|||&#8221;][et_pb_image src=&#8221;https:\/\/myidziemy.pl\/wp-content\/uploads\/2020\/01\/sight-seeing-49.png&#8221; show_bottom_space=&#8221;off&#8221; force_fullwidth=&#8221;on&#8221; _builder_version=&#8221;4.16&#8243; custom_margin=&#8221;||&#8221; global_colors_info=&#8221;{}&#8221;][\/et_pb_image][\/et_pb_column][\/et_pb_row][\/et_pb_section]<\/p>\n","protected":false},"excerpt":{"rendered":"<p>Kursy egzaminacyjneKursy przygotowuj\u0105ce do egzamin\u00f3w z j\u0119zyka polskiego Kameralne grupy 8-osobowe Raz w tygodniu zaj\u0119cia online 1,5 h Raz w miesi\u0105cu edukacja w przestrzeni 2 pr\u00f3bne arkusze pisane wsp\u00f3lnie w pe\u0142nym wymiarze czasu Zaj\u0119cia prowadzone przez certyfikowan\u0105 egzaminatork\u0119 CKE Zapisy przez mail myidziemy@gmail.com Przygotowuj\u0105cy do matury kilkumiesi\u0119czny kurs pe\u0142en pozytywnej energii, prawdziwego zrozumienia materia\u0142u i [&hellip;]<\/p>\n","protected":false},"author":3,"featured_media":0,"parent":263,"menu_order":0,"comment_status":"closed","ping_status":"closed","template":"","meta":{"_et_pb_use_builder":"on","_et_pb_old_content":"","_et_gb_content_width":"","_exactmetrics_skip_tracking":false,"_exactmetrics_sitenote_active":false,"_exactmetrics_sitenote_note":"","_exactmetrics_sitenote_category":0,"footnotes":""},"class_list":["post-1156","page","type-page","status-publish","hentry"],"yoast_head":"<!-- This site is optimized with the Yoast SEO plugin v27.5 - https:\/\/yoast.com\/product\/yoast-seo-wordpress\/ -->\n<title>Kursy egzaminacyjne - IDZIE.MY<\/title>\n<meta name=\"robots\" content=\"index, follow, max-snippet:-1, max-image-preview:large, max-video-preview:-1\" \/>\n<link rel=\"canonical\" href=\"https:\/\/myidziemy.pl\/index.php\/oferta\/kursy-egzaminacyjne\/\" \/>\n<meta property=\"og:locale\" content=\"pl_PL\" \/>\n<meta property=\"og:type\" content=\"article\" \/>\n<meta property=\"og:title\" content=\"Kursy egzaminacyjne - IDZIE.MY\" \/>\n<meta property=\"og:description\" content=\"Kursy egzaminacyjneKursy przygotowuj\u0105ce do egzamin\u00f3w z j\u0119zyka polskiego Kameralne grupy 8-osobowe Raz w tygodniu zaj\u0119cia online 1,5 h Raz w miesi\u0105cu edukacja w przestrzeni 2 pr\u00f3bne arkusze pisane wsp\u00f3lnie w pe\u0142nym wymiarze czasu Zaj\u0119cia prowadzone przez certyfikowan\u0105 egzaminatork\u0119 CKE Zapisy przez mail myidziemy@gmail.com Przygotowuj\u0105cy do matury kilkumiesi\u0119czny kurs pe\u0142en pozytywnej energii, prawdziwego zrozumienia materia\u0142u i [&hellip;]\" \/>\n<meta property=\"og:url\" content=\"https:\/\/myidziemy.pl\/index.php\/oferta\/kursy-egzaminacyjne\/\" \/>\n<meta property=\"og:site_name\" content=\"IDZIE.MY\" \/>\n<meta property=\"article:publisher\" content=\"https:\/\/www.facebook.com\/idzie.myzksiazkaprzezwarszawe\/\" \/>\n<meta property=\"article:modified_time\" content=\"2024-08-15T14:04:46+00:00\" \/>\n<meta name=\"twitter:card\" content=\"summary_large_image\" \/>\n<meta name=\"twitter:label1\" content=\"Szacowany czas czytania\" \/>\n\t<meta name=\"twitter:data1\" content=\"6 minut\" \/>\n<script type=\"application\/ld+json\" class=\"yoast-schema-graph\">{\"@context\":\"https:\\\/\\\/schema.org\",\"@graph\":[{\"@type\":\"WebPage\",\"@id\":\"https:\\\/\\\/myidziemy.pl\\\/index.php\\\/oferta\\\/kursy-egzaminacyjne\\\/\",\"url\":\"https:\\\/\\\/myidziemy.pl\\\/index.php\\\/oferta\\\/kursy-egzaminacyjne\\\/\",\"name\":\"Kursy egzaminacyjne - IDZIE.MY\",\"isPartOf\":{\"@id\":\"https:\\\/\\\/myidziemy.pl\\\/#website\"},\"datePublished\":\"2024-04-30T09:18:53+00:00\",\"dateModified\":\"2024-08-15T14:04:46+00:00\",\"breadcrumb\":{\"@id\":\"https:\\\/\\\/myidziemy.pl\\\/index.php\\\/oferta\\\/kursy-egzaminacyjne\\\/#breadcrumb\"},\"inLanguage\":\"pl-PL\",\"potentialAction\":[{\"@type\":\"ReadAction\",\"target\":[\"https:\\\/\\\/myidziemy.pl\\\/index.php\\\/oferta\\\/kursy-egzaminacyjne\\\/\"]}]},{\"@type\":\"BreadcrumbList\",\"@id\":\"https:\\\/\\\/myidziemy.pl\\\/index.php\\\/oferta\\\/kursy-egzaminacyjne\\\/#breadcrumb\",\"itemListElement\":[{\"@type\":\"ListItem\",\"position\":1,\"name\":\"Strona g\u0142\u00f3wna\",\"item\":\"https:\\\/\\\/myidziemy.pl\\\/\"},{\"@type\":\"ListItem\",\"position\":2,\"name\":\"Oferta\",\"item\":\"https:\\\/\\\/myidziemy.pl\\\/index.php\\\/oferta\\\/\"},{\"@type\":\"ListItem\",\"position\":3,\"name\":\"Kursy egzaminacyjne\"}]},{\"@type\":\"WebSite\",\"@id\":\"https:\\\/\\\/myidziemy.pl\\\/#website\",\"url\":\"https:\\\/\\\/myidziemy.pl\\\/\",\"name\":\"IDZIE.MY gry miejskie dla szk\u00f3\u0142 Warszawa\",\"description\":\"Idzie.MY z ksi\u0105\u017ck\u0105 przez Warszaw\u0119\",\"publisher\":{\"@id\":\"https:\\\/\\\/myidziemy.pl\\\/#organization\"},\"potentialAction\":[{\"@type\":\"SearchAction\",\"target\":{\"@type\":\"EntryPoint\",\"urlTemplate\":\"https:\\\/\\\/myidziemy.pl\\\/?s={search_term_string}\"},\"query-input\":{\"@type\":\"PropertyValueSpecification\",\"valueRequired\":true,\"valueName\":\"search_term_string\"}}],\"inLanguage\":\"pl-PL\"},{\"@type\":\"Organization\",\"@id\":\"https:\\\/\\\/myidziemy.pl\\\/#organization\",\"name\":\"IDZIE.MY\",\"url\":\"https:\\\/\\\/myidziemy.pl\\\/\",\"logo\":{\"@type\":\"ImageObject\",\"inLanguage\":\"pl-PL\",\"@id\":\"https:\\\/\\\/myidziemy.pl\\\/#\\\/schema\\\/logo\\\/image\\\/\",\"url\":\"https:\\\/\\\/myidziemy.pl\\\/wp-content\\\/uploads\\\/2020\\\/01\\\/logo.gif\",\"contentUrl\":\"https:\\\/\\\/myidziemy.pl\\\/wp-content\\\/uploads\\\/2020\\\/01\\\/logo.gif\",\"width\":512,\"height\":512,\"caption\":\"IDZIE.MY\"},\"image\":{\"@id\":\"https:\\\/\\\/myidziemy.pl\\\/#\\\/schema\\\/logo\\\/image\\\/\"},\"sameAs\":[\"https:\\\/\\\/www.facebook.com\\\/idzie.myzksiazkaprzezwarszawe\\\/\",\"https:\\\/\\\/www.instagram.com\\\/idzie.my\\\/\"]}]}<\/script>\n<!-- \/ Yoast SEO plugin. -->","yoast_head_json":{"title":"Kursy egzaminacyjne - IDZIE.MY","robots":{"index":"index","follow":"follow","max-snippet":"max-snippet:-1","max-image-preview":"max-image-preview:large","max-video-preview":"max-video-preview:-1"},"canonical":"https:\/\/myidziemy.pl\/index.php\/oferta\/kursy-egzaminacyjne\/","og_locale":"pl_PL","og_type":"article","og_title":"Kursy egzaminacyjne - IDZIE.MY","og_description":"Kursy egzaminacyjneKursy przygotowuj\u0105ce do egzamin\u00f3w z j\u0119zyka polskiego Kameralne grupy 8-osobowe Raz w tygodniu zaj\u0119cia online 1,5 h Raz w miesi\u0105cu edukacja w przestrzeni 2 pr\u00f3bne arkusze pisane wsp\u00f3lnie w pe\u0142nym wymiarze czasu Zaj\u0119cia prowadzone przez certyfikowan\u0105 egzaminatork\u0119 CKE Zapisy przez mail myidziemy@gmail.com Przygotowuj\u0105cy do matury kilkumiesi\u0119czny kurs pe\u0142en pozytywnej energii, prawdziwego zrozumienia materia\u0142u i [&hellip;]","og_url":"https:\/\/myidziemy.pl\/index.php\/oferta\/kursy-egzaminacyjne\/","og_site_name":"IDZIE.MY","article_publisher":"https:\/\/www.facebook.com\/idzie.myzksiazkaprzezwarszawe\/","article_modified_time":"2024-08-15T14:04:46+00:00","twitter_card":"summary_large_image","twitter_misc":{"Szacowany czas czytania":"6 minut"},"schema":{"@context":"https:\/\/schema.org","@graph":[{"@type":"WebPage","@id":"https:\/\/myidziemy.pl\/index.php\/oferta\/kursy-egzaminacyjne\/","url":"https:\/\/myidziemy.pl\/index.php\/oferta\/kursy-egzaminacyjne\/","name":"Kursy egzaminacyjne - IDZIE.MY","isPartOf":{"@id":"https:\/\/myidziemy.pl\/#website"},"datePublished":"2024-04-30T09:18:53+00:00","dateModified":"2024-08-15T14:04:46+00:00","breadcrumb":{"@id":"https:\/\/myidziemy.pl\/index.php\/oferta\/kursy-egzaminacyjne\/#breadcrumb"},"inLanguage":"pl-PL","potentialAction":[{"@type":"ReadAction","target":["https:\/\/myidziemy.pl\/index.php\/oferta\/kursy-egzaminacyjne\/"]}]},{"@type":"BreadcrumbList","@id":"https:\/\/myidziemy.pl\/index.php\/oferta\/kursy-egzaminacyjne\/#breadcrumb","itemListElement":[{"@type":"ListItem","position":1,"name":"Strona g\u0142\u00f3wna","item":"https:\/\/myidziemy.pl\/"},{"@type":"ListItem","position":2,"name":"Oferta","item":"https:\/\/myidziemy.pl\/index.php\/oferta\/"},{"@type":"ListItem","position":3,"name":"Kursy egzaminacyjne"}]},{"@type":"WebSite","@id":"https:\/\/myidziemy.pl\/#website","url":"https:\/\/myidziemy.pl\/","name":"IDZIE.MY gry miejskie dla szk\u00f3\u0142 Warszawa","description":"Idzie.MY z ksi\u0105\u017ck\u0105 przez Warszaw\u0119","publisher":{"@id":"https:\/\/myidziemy.pl\/#organization"},"potentialAction":[{"@type":"SearchAction","target":{"@type":"EntryPoint","urlTemplate":"https:\/\/myidziemy.pl\/?s={search_term_string}"},"query-input":{"@type":"PropertyValueSpecification","valueRequired":true,"valueName":"search_term_string"}}],"inLanguage":"pl-PL"},{"@type":"Organization","@id":"https:\/\/myidziemy.pl\/#organization","name":"IDZIE.MY","url":"https:\/\/myidziemy.pl\/","logo":{"@type":"ImageObject","inLanguage":"pl-PL","@id":"https:\/\/myidziemy.pl\/#\/schema\/logo\/image\/","url":"https:\/\/myidziemy.pl\/wp-content\/uploads\/2020\/01\/logo.gif","contentUrl":"https:\/\/myidziemy.pl\/wp-content\/uploads\/2020\/01\/logo.gif","width":512,"height":512,"caption":"IDZIE.MY"},"image":{"@id":"https:\/\/myidziemy.pl\/#\/schema\/logo\/image\/"},"sameAs":["https:\/\/www.facebook.com\/idzie.myzksiazkaprzezwarszawe\/","https:\/\/www.instagram.com\/idzie.my\/"]}]}},"_links":{"self":[{"href":"https:\/\/myidziemy.pl\/index.php\/wp-json\/wp\/v2\/pages\/1156","targetHints":{"allow":["GET"]}}],"collection":[{"href":"https:\/\/myidziemy.pl\/index.php\/wp-json\/wp\/v2\/pages"}],"about":[{"href":"https:\/\/myidziemy.pl\/index.php\/wp-json\/wp\/v2\/types\/page"}],"author":[{"embeddable":true,"href":"https:\/\/myidziemy.pl\/index.php\/wp-json\/wp\/v2\/users\/3"}],"replies":[{"embeddable":true,"href":"https:\/\/myidziemy.pl\/index.php\/wp-json\/wp\/v2\/comments?post=1156"}],"version-history":[{"count":12,"href":"https:\/\/myidziemy.pl\/index.php\/wp-json\/wp\/v2\/pages\/1156\/revisions"}],"predecessor-version":[{"id":1270,"href":"https:\/\/myidziemy.pl\/index.php\/wp-json\/wp\/v2\/pages\/1156\/revisions\/1270"}],"up":[{"embeddable":true,"href":"https:\/\/myidziemy.pl\/index.php\/wp-json\/wp\/v2\/pages\/263"}],"wp:attachment":[{"href":"https:\/\/myidziemy.pl\/index.php\/wp-json\/wp\/v2\/media?parent=1156"}],"curies":[{"name":"wp","href":"https:\/\/api.w.org\/{rel}","templated":true}]}}